et a(o) be the second derivative of -o**4/4 + o**3/2 + 154*o**2 + 38*o. What is the tens digit of a(0)?
0
Let f be (-70)/(-16) + (-33)/88. Let p be 1918/(-2) - (-8 + f). What is the tens digit of 33/(-12) + 3 - p/20?
4
Let n be (4 - (-309)/4) + 9/12. Let w = n - -841. What is the units digit of w?
3
Suppose -702 = -164*j + 162*j. Suppose 0 = 6*s - 7*s + c + 180, 2*s + c - j = 0. What is the units digit of s?
7
Suppose o + 4 = 0, 3*y - y = -2*o - 8. What is the units digit of (y - 673/2)/(132/(-528))?
6
Suppose -1578*v + 176 = -1576*v. Let q(f) = -f**3 - 5*f**2 - f - 5. Let m be q(-5). Suppose m*s + v = s. What is the tens digit of s?
8
Let c(p) = -5*p**3 + 3*p**2 + p - 3. Let o be c(3). Let w be 1 - -1 - o/6. Suppose -15*t - 490 = -w*t. What is the tens digit of t?
9
Let m(a) = 37*a - 1. Let h be m(1). Suppose 6*f = -0*f + h. Suppose -f*l + 8*l = 166. What is the tens digit of l?
8
Let m be (3 + (-4)/(-4))/(4/14). Let i(f) = -7*f**2 - 5*f + 12 - 8*f + f**3 + 0*f**2 - 6*f**2. What is the units digit of i(m)?
6
Suppose -61 = -6*z + 41. Let q(b) = -b**2 + 16*b + 17. Let d be q(z). Suppose d = -5*c - 0 - 5, -o + 4*c = -29. What is the units digit of o?
5
Let s = 34 + -29. Suppose 3*g - v = 776, s*g + v - 1280 = 6*v. What is the units digit of g?
0
Let p be (1 - 1 - (2 + -1)) + 5. Let v be p - (-4 + (-3 - -5) + 1). Suppose -o = o + v*d - 322, 298 = 2*o - d. What is the hundreds digit of o?
1
Suppose 0 = -287*o + 195*o + 61640. What is the hundreds digit of o?
6
Suppose -17667 = 12*h - 5247. Let p = -349 - h. What is the hundreds digit of p?
6
Let w(s) = -139*s + 1. Let y(k) = -16*k - 11. Let b(o) = -3*o - 2. Let d(x) = -11*b(x) + 2*y(x). Let m(q) = 3*d(q) - w(q). What is the hundreds digit of m(1)?
1
Suppose -6*t = -2*t - 12, 2*o + 3*t = 85. Suppose 2*z - 8 - o = 0. Suppose z*h + 52 = 24*h. What is the tens digit of h?
5
Let w = -92 + 101. Let v(u) = 48*u - 4. Let i be v(w). What is the units digit of 6/9 + (i/6 - 0)?
2
Suppose 0 = -5*i - 10, -61*i + 9052 = 5*j - 62*i. Suppose 1466 = 13*v - j. What is the hundreds digit of v?
2
Suppose 188 = -3*z - z + 3*t, 36 = -z - 2*t. What is the hundreds digit of 92/(z/(-10) + 60/(-15))?
2
Let p = -26 + -210. Let h = 94 - p. What is the tens digit of h?
3
Let l = -42 - -70. Suppose -7*t = -973 + l. Let g = t - 55. What is the tens digit of g?
8
Suppose 24*h + 65766 - 639256 = 2*l, -3*h - 4*l = -71665. What is the ten thousands digit of h?
2
Let t(c) = -75*c - 677. What is the units digit of t(-145)?
8
Suppose 59*c - 61*c = -4104. Let m = c - 1340. What is the units digit of m?
2
Let o(b) = 307*b**2 - 16*b - 36. Let a be o(-7). Suppose 32*l = 19*l + a. What is the thousands digit of l?
1
Suppose 6075 + 8113 = 14*o + 1056. What is the units digit of o?
8
Let n = -70763 - -99551. What is the hundreds digit of n?
7
What is the thousands digit of (-1)/(-7) + (-4525988)/(-259)?
7
Let z(p) = -28*p**3 - 2*p**2 - 4*p - 5. Let q = 1 - 3. What is the hundreds digit of z(q)?
2
Suppose -3*k - 97534 = -4*c, 121902 = 5*c + 4*k - 0*k. What is the thousands digit of c?
4
Suppose 11*x + 3897 = 619. Let d = 336 + x. What is the tens digit of d?
3
Suppose -12*n + 22*n = -440. What is the tens digit of (110/1)/((-11)/n)?
4
Suppose -s = -3*q - 40360, 4*q = -68 + 64. What is the ten thousands digit of s?
4
What is the units digit of (21/(-6) + (-148)/(-8))*73?
5
Let h be -1011 - 0 - -4 - (3 - 1). Let c = -542 - h. What is the hundreds digit of c?
4
Let q be (-18)/4*(-62)/93. Suppose -c = b - 204, 371 = q*b + 4*c - 239. What is the hundreds digit of b?
2
Let y be 1*(-3)/(-6)*-8. Let q(i) = -11*i**2 - 7*i - 6. Let l be q(y). Let k = 226 + l. What is the units digit of k?
2
What is the units digit of ((-23 - 4) + 182)/((-1)/(-31))?
5
Suppose 4*z - 2*m + 1200 = 0, 380 = -4*z - 3*m - 820. Let v = -233 - z. What is the tens digit of v?
6
Let c be 2*2/4*0 + -7. Let z = 1 - c. Suppose -z*u - 5*u = -507. What is the tens digit of u?
3
What is the thousands digit of ((-1071)/(-7))/(-17) + 28609?
8
Suppose -67 = -2*a - 2*s + 65, -4*a - 5*s = -264. Let k be ((-6)/4 - 16/(-8))*a. Let x = 50 + k. What is the tens digit of x?
8
Let i = 41 + -23. Suppose -4*w = -2*v + 2, 2*w + 2*v - i = -2*w. What is the tens digit of 1 + (4 - w) + 100?
0
Suppose -2*c - 5*h - 4185 = 686, -h = -3*c - 7281. What is the units digit of c/(-6) + 3/9*-5?
3
Let k(h) = -3*h**3 - 46*h**2 + 87. What is the ten thousands digit of k(-30)?
3
What is the tens digit of (3 - (-33)/6)/(27/37854)?
1
Let p(c) = 20*c**3 + 39*c**2 - 20*c - 97. What is the units digit of p(16)?
7
Suppose 2 = 3*t - 2*t, 3022 = 2*x + t. Let d = x - 883. What is the tens digit of d?
2
Let x = 17568 - 8928. What is the units digit of x?
0
Let v(k) = -46*k + 40. Let q be v(1). Let h be 62/6 - (-6)/(-18). What is the units digit of (-255)/q*h/5?
5
Suppose 2*f = n - 2395, 16*n - 19*n = -3*f - 3588. Let x = 2151 + f. What is the tens digit of x?
5
Let w = 44307 + -85197. What is the units digit of (w/(-658))/(2/14)?
5
Let u(j) = -61*j**3 - 3*j**2 + 12*j - 2. Suppose -d + 1 = 2*y + 4, 5*y = -5*d - 15. What is the hundreds digit of u(d)?
5
Let d = -1958 - -1962. Let f be (-6)/3 + 10/2. Suppose -15 = 3*y, -d*h + 169 = -2*h - f*y. What is the tens digit of h?
7
Suppose 0 = 3*c - 3*b - 3858, 0 = b - 4 + 2. Let s be (c/6)/((-6)/(-9)). Let g = s + -221. What is the hundreds digit of g?
1
Let h(u) = 3221*u - 466. What is the thousands digit of h(2)?
5
Let l(m) = m**3 - 20*m**2 + 55*m + 13. Let y be l(17). Suppose -6 = -4*c - h + 308, -h = -c + y. What is the units digit of c?
9
Let r be (-155)/9 - 4/(-18). What is the units digit of 5 + 0 - 6 - r?
6
Let l(q) be the third derivative of -1/3*q**3 - 1/6*q**4 + 2/15*q**5 + 0 + 0*q + 17*q**2. What is the units digit of l(-2)?
8
Suppose 5*l = f + 289, 3*f = 2*l - 287 + 187. Let w(n) = -18*n**3 - n**2 + 2. Let s be w(2). Let r = l - s. What is the units digit of r?
5
Let c be (15/(-2))/(-4 + (-35)/(-10)). Suppose -c = 5*b, 5*o + b - 779 = 3*o. What is the units digit of o?
1
Let g(u) = -u**2 - 25*u + 24. Suppose -6 = -32*b + 31*b. Suppose -102 = b*k - 30. What is the tens digit of g(k)?
8
What is the units digit of 3 - (-4422 - (13 - 5))?
3
Suppose 5*y + p = 68444, 0 = -7*y - 10*p + 9*p + 95824. What is the ten thousands digit of y?
1
What is the hundreds digit of 34860 - (5/20)/(((-104)/32)/(-13))?
8
Let g(w) = -3*w**3 - 7*w**2 - 6*w - 12. Suppose 2*z = z - y - 5, -3*z - 47 = -5*y. Let v be g(z). What is the hundreds digit of (3/2)/(-1 - v/(-1644))?
1
Suppose -32*f + 95526 = 34982. Suppose -360*b + f = -358*b. What is the hundreds digit of b?
9
Suppose -3*d - 5*m + 4504 = 0, 2*m + 2*m + 4 = 0. Suppose -1584 = -4*n - 2*p, 5*p + 492 = 5*n - d. Suppose 0 = 4*g - n + 25. What is the tens digit of g?
9
Let g(m) = m**3 + 12*m**2 - 30*m - 2. Let t be g(-10). Let s = t - -590. What is the thousands digit of s?
1
Let b be -2 + ((-11)/(-3))/((-3)/(-9)). Let x(k) = k**3 - 3*k**2 + 13*k - 21. What is the tens digit of x(b)?
8
What is the hundreds digit of 3726 - -6*(10 - 9)?
7
Suppose 1529 + 5961 = 8*s - 30814. What is the thousands digit of s?
4
Suppose 32*s = 23*s + 3312. Let m = s - -45. What is the units digit of m?
3
Let a = 6973 + -4710. What is the units digit of a?
3
Let f = 204 - 201. Suppose -5*s + 1040 = 3*g, -f*g + 2*s = 5*s - 1050. What is the hundreds digit of g?
3
Suppose -3*l + 3*j = -12, 2*l - 6 = -19*j + 23*j. Suppose u - 116 = y, -6*u - l*y - 229 = -8*u. What is the units digit of u?
7
Let v(q) = -q + 3. Let k(c) = 5*c - 146. Let w(o) = -k(o) - 4*v(o). What is the units digit of w(-7)?
1
What is the tens digit of (3 + 883 - 9)/(2/56)?
5
Let a(l) = l**2 + 8*l - 5. Let h be a(2). Let i(m) = 4*m + m**3 - 12 + 0 - 15*m**2 - 2. What is the tens digit of i(h)?
4
Suppose 0 = 5*z - 3*b - 3063, 10*z = 15*z + 4*b - 3091. What is the units digit of (-5)/10 + z/6 + 0?
2
Suppose 107*b - 1496188 + 328283 = 0. What is the ten thousands digit of b?
1
Let t = -100 - 219. What is the tens digit of (t/(-87))/(2/126)?
3
Suppose 35051 = 3*l - 5*x - 10080, -60188 = -4*l + 4*x. What is the tens digit of l?
5
Let j = 24458 + -10502. What is the units digit of j?
6
Let w(j) = 269*j**2 - 11*j + 33. What is the ten thousands digit of w(-12)?
3
Let j = -65 + 65. Suppose j = 4*d - 97 + 5. Le